{"id":745,"date":"2019-02-28T07:44:50","date_gmt":"2019-02-28T07:44:50","guid":{"rendered":"http:\/\/ficxa.es\/wordpress\/?page_id=745"},"modified":"2019-02-28T08:03:30","modified_gmt":"2019-02-28T08:03:30","slug":"porque-elegir-ficxa-2","status":"publish","type":"page","link":"https:\/\/ficxa.es\/index.php\/porque-elegir-ficxa-2\/","title":{"rendered":"\u00bfPORQU\u00c9 ELEGIR FICXA?"},"content":{"rendered":"<h1><span style=\"color: #f76200;\">Porque en &nbsp;<img loading=\"lazy\" class=\"size-full wp-image-5 alignnone\" src=\"http:\/\/ficxa.es\/wordpress\/wp-content\/uploads\/2019\/01\/ficxa-2-e1551203187138.png\" alt=\"\" width=\"100\" height=\"35\">&nbsp;&#8230;<\/span><\/h1>\n<hr>\n<h4>&nbsp;<\/h4>\n<h3>1.- Disponemos de un personal altamente cualificado.<\/h3>\n<p>Este es nuestro m\u00e1ximo valor diferenciador, todos y cada uno de los componentes de Ficxa Fusi\u00f3n est\u00e1n orientados al cliente y a satisfacer sus necesidades, es por ello que la formaci\u00f3n continua es uno de nuestros pilares de crecimiento.<\/p>\n<h3>2.- Tecnolog\u00eda a la vanguardia.<\/h3>\n<p>FICXA Fusi\u00f3n es la referencia en el sector de la impresi\u00f3n digital de gran formato, gracias a su gran capacidad de respuesta y a la espectacularidad de sus proyectos.<br>Imprimimos sobre una amplia gama de materiales de gran resistencia y versatilidad, que han sido estudiados con gran detenimiento. De esta forma, controlamos todas las fases del proceso, garantizando la rentabilidad, impacto y eficacia de cada proyecto.<\/p>\n<h3>3.- Primeras calidades en los materiales<\/h3>\n<p>\u00danicamente utilizamos materiales de alta calidad que garantizan la mejor durabilidad y acabados del mercado.<\/p>\n<h3>4.- Amplia cobertura<\/h3>\n<p>Realizamos la instalaci\u00f3n en cualquier localizaci\u00f3n de \u00e1mbito nacional con nuestro personal de f\u00e1brica siguiendo los criterios de calidad y profesionalidad.<\/p>\n<h3>5.- Seguridad<\/h3>\n<p>Ficxa dispone de un seguro de responsabilidad civil&nbsp;y de instalaci\u00f3n para todos sus trabajos.<\/p>\n<h3>6.- Respuesta r\u00e1pida, eficaz y profesional.<span class=\"Apple-converted-space\">&nbsp;<\/span><\/h3>\n<p>Nuestro compromiso consiste en realizarle su proyecto en tiempo y forma, respetando siempre los plazos marcados.<\/p>\n\n\n<div class=\"wp-block-image\"><figure class=\"alignleft\"><img loading=\"lazy\" width=\"960\" height=\"600\" src=\"http:\/\/ficxa.es\/wordpress\/wp-content\/uploads\/2019\/02\/meta-arco_ficxa.jpg\" alt=\"\" class=\"wp-image-758\" srcset=\"https:\/\/ficxa.es\/wp-content\/uploads\/2019\/02\/meta-arco_ficxa.jpg 960w, https:\/\/ficxa.es\/wp-content\/uploads\/2019\/02\/meta-arco_ficxa-300x188.jpg 300w, https:\/\/ficxa.es\/wp-content\/uploads\/2019\/02\/meta-arco_ficxa-768x480.jpg 768w\" sizes=\"(max-width: 960px) 100vw, 960px\" \/><\/figure><\/div>\n","protected":false},"excerpt":{"rendered":"<p>Porque en &nbsp;&nbsp;&#8230; &nbsp; 1.- Disponemos de un personal altamente cualificado. Este es nuestro m\u00e1ximo valor diferenciador, todos y cada [&hellip;]<\/p>\n","protected":false},"author":1,"featured_media":0,"parent":0,"menu_order":0,"comment_status":"closed","ping_status":"closed","template":"page-templates\/full-width.php","meta":{"sfsi_plus_gutenberg_text_before_share":"","sfsi_plus_gutenberg_show_text_before_share":"","sfsi_plus_gutenberg_icon_type":"","sfsi_plus_gutenberg_icon_alignemt":"","sfsi_plus_gutenburg_max_per_row":""},"_links":{"self":[{"href":"https:\/\/ficxa.es\/index.php\/wp-json\/wp\/v2\/pages\/745"}],"collection":[{"href":"https:\/\/ficxa.es\/index.php\/wp-json\/wp\/v2\/pages"}],"about":[{"href":"https:\/\/ficxa.es\/index.php\/wp-json\/wp\/v2\/types\/page"}],"author":[{"embeddable":true,"href":"https:\/\/ficxa.es\/index.php\/wp-json\/wp\/v2\/users\/1"}],"replies":[{"embeddable":true,"href":"https:\/\/ficxa.es\/index.php\/wp-json\/wp\/v2\/comments?post=745"}],"version-history":[{"count":10,"href":"https:\/\/ficxa.es\/index.php\/wp-json\/wp\/v2\/pages\/745\/revisions"}],"predecessor-version":[{"id":763,"href":"https:\/\/ficxa.es\/index.php\/wp-json\/wp\/v2\/pages\/745\/revisions\/763"}],"wp:attachment":[{"href":"https:\/\/ficxa.es\/index.php\/wp-json\/wp\/v2\/media?parent=745"}],"curies":[{"name":"wp","href":"https:\/\/api.w.org\/{rel}","templated":true}]}}