{"id":418,"date":"2019-02-13T17:03:42","date_gmt":"2019-02-13T17:03:42","guid":{"rendered":"http:\/\/ficxa.es\/wordpress\/?page_id=418"},"modified":"2021-01-28T12:34:03","modified_gmt":"2021-01-28T12:34:03","slug":"contacto","status":"publish","type":"page","link":"https:\/\/ficxa.es\/index.php\/contacto\/","title":{"rendered":"Contacto"},"content":{"rendered":"<div id=\"pl-418\"  class=\"panel-layout\" ><div id=\"pg-418-0\"  class=\"panel-grid panel-no-style\" ><div id=\"pgc-418-0-0\"  class=\"panel-grid-cell\" ><div id=\"panel-418-0-0-0\" class=\"so-panel widget widget_themegrill_flash_heading tg-widget section-title-wrapper panel-first-child panel-last-child\" data-index=\"0\" >\t<h3 class=\"section-title\">Mapa de situaci\u00f3n<\/h3>\n<\/div><\/div><\/div><div id=\"pg-418-1\"  class=\"panel-grid panel-has-style\" ><div class=\"siteorigin-panels-stretch panel-row-style panel-row-style-for-418-1\" data-stretch-type=\"full-stretched\" ><div id=\"pgc-418-1-0\"  class=\"panel-grid-cell\" ><div id=\"panel-418-1-0-0\" class=\"widget_text so-panel widget widget_custom_html panel-first-child panel-last-child\" data-index=\"1\" ><div class=\"textwidget custom-html-widget\"><iframe src=\"https:\/\/www.google.com\/maps\/embed?pb=!1m23!1m12!1m3!1d49506.26979527047!2d-0.4710777148888372!3d39.148754917703165!2m3!1f0!2f0!3f0!3m2!1i1024!2i768!4f13.1!4m8!3e6!4m0!4m5!1s0xd61b00ab8a1929b%3A0x8e771c73222ee589!2sficxa+google+maps!3m2!1d39.1556972!2d-0.4481901!5e0!3m2!1ses!2ses!4v1550076706997\" width=\"1920\" height=\"420\" frameborder=\"0\" style=\"border:0\" allowfullscreen><\/iframe><\/div><\/div><\/div><\/div><\/div><div id=\"pg-418-2\"  class=\"panel-grid panel-no-style\" ><div id=\"pgc-418-2-0\"  class=\"panel-grid-cell\" ><div id=\"panel-418-2-0-0\" class=\"so-panel widget widget_text panel-first-child panel-last-child\" data-index=\"2\" >\t\t\t<div class=\"textwidget\"><p>\u2022<\/p>\n<\/div>\n\t\t<\/div><\/div><\/div><div id=\"pg-418-3\"  class=\"panel-grid panel-no-style\" ><div id=\"pgc-418-3-0\"  class=\"panel-grid-cell\" ><div id=\"panel-418-3-0-0\" class=\"so-panel widget widget_text panel-first-child panel-last-child\" data-index=\"3\" >\t\t\t<div class=\"textwidget\"><article data-id=\"3\"><\/article>\n<article class=\"parrafo animated fadeIn go\" data-id=\"3\">Si deseas contactar con <a>FICXA<\/a> puedes hacerlo a trav\u00e9s de los datos que se indican a continuaci\u00f3n, o si lo prefieres, puedes enviarnos tu consulta a trav\u00e9s del <a>formulario<\/a>\u00a0que encontrar\u00e1s en la parte inferior de esta p\u00e1gina y responderemos tus dudas en la mayor brevedad posible. <a>Gracias por contactar con nosotros.<\/a><\/article>\n<\/div>\n\t\t<\/div><\/div><\/div><div id=\"pg-418-4\"  class=\"panel-grid panel-no-style\" ><div id=\"pgc-418-4-0\"  class=\"panel-grid-cell\" ><div id=\"panel-418-4-0-0\" class=\"so-panel widget widget_text panel-first-child panel-last-child\" data-index=\"4\" >\t\t\t<div class=\"textwidget\"><p>\u2022<\/p>\n<\/div>\n\t\t<\/div><\/div><\/div><div id=\"pg-418-5\"  class=\"panel-grid panel-no-style\" ><div id=\"pgc-418-5-0\"  class=\"panel-grid-cell\" ><div id=\"panel-418-5-0-0\" class=\"so-panel widget widget_themegrill_flash_heading tg-widget section-title-wrapper panel-first-child panel-last-child\" data-index=\"5\" ><div id=\"contact\" class=\"panel-widget-style panel-widget-style-for-418-5-0-0\" >\t<h3 class=\"section-title\">Formulario de Contacto<\/h3>\n<\/div><\/div><\/div><\/div><div id=\"pg-418-6\"  class=\"panel-grid panel-no-style\" ><div id=\"pgc-418-6-0\"  class=\"panel-grid-cell\" ><div id=\"panel-418-6-0-0\" class=\"so-panel widget widget_text panel-first-child panel-last-child\" data-index=\"6\" >\t\t\t<div class=\"textwidget\"><p><img loading=\"lazy\" class=\" wp-image-2938 alignnone\" src=\"https:\/\/ficxa.es\/wp-content\/uploads\/2021\/01\/FICXA-LOGO-OK_negre.png\" alt=\"\" width=\"196\" height=\"196\" srcset=\"https:\/\/ficxa.es\/wp-content\/uploads\/2021\/01\/FICXA-LOGO-OK_negre.png 451w, https:\/\/ficxa.es\/wp-content\/uploads\/2021\/01\/FICXA-LOGO-OK_negre-300x300.png 300w, https:\/\/ficxa.es\/wp-content\/uploads\/2021\/01\/FICXA-LOGO-OK_negre-150x150.png 150w\" sizes=\"(max-width: 196px) 100vw, 196px\" \/><\/p>\n<p>Direcci\u00f3n:<br \/>\nPol\u00edgono Industrial, N\u00ba 1<br \/>\nC\/. Tintorers, 2 &#8211; Esquina\u00a0C\/. Flequers, 8<br \/>\n46600 ALZIRA (Valencia)<\/p>\n<p><strong>Tel.: 96 201 51 18<br \/>\n<\/strong><\/p>\n<p><strong>Email:<\/strong><br \/>\nInformaci\u00f3n: \u00a0<a href=\"mailto:ficxa@ficxa.es\">ficxa@ficxa.es<\/a><\/p>\n<\/div>\n\t\t<\/div><\/div><div id=\"pgc-418-6-1\"  class=\"panel-grid-cell\" ><div id=\"panel-418-6-1-0\" class=\"so-panel widget widget_text panel-first-child panel-last-child\" data-index=\"7\" >\t\t\t<div class=\"textwidget\"><p><strong>Env\u00edenos un mensaje<\/strong><\/p>\n<div class=\"everest-forms\"><div class=\"evf-container default\" id=\"evf-239\"><form id=\"evf-form-239\" class=\"everest-form\" data-formid=\"239\" data-ajax_submission=\"0\" data-keyboard_friendly_form=\"0\" method=\"post\" enctype=\"multipart\/form-data\" action=\"\/index.php\/wp-json\/wp\/v2\/pages\/418\"><div class=\"evf-field-container\"><input type=\"hidden\" id=\"_wpnonce239\" name=\"_wpnonce239\" value=\"de9ef577ce\" \/><input type=\"hidden\" name=\"_wp_http_referer\" value=\"\/index.php\/wp-json\/wp\/v2\/pages\/418\" \/><div class=\"evf-frontend-row\" data-row=\"row_1\" conditional_rules=\"[]\"><div class=\"evf-frontend-grid evf-grid-1\" data-grid=\"grid_1\"><div id=\"evf-239-field_name-container\" class=\"evf-field evf-field-text form-row validate-required\" data-required-field-message=\"Este campo es requerido\" data-field-id=\"name\"><label class=\"evf-field-label\" for=\"evf-239-field_name\"><span class=\"evf-label\">Nombre<\/span> <abbr class=\"required\" title=\"Obligatorio\">*<\/abbr><\/label><input type=\"text\" id=\"evf-239-field_name\" class=\"input-text\" name=\"everest_forms[form_fields][name]\" required><\/div><div id=\"evf-239-field_email-container\" class=\"evf-field evf-field-email form-row validate-required validate-email\" data-required-field-message=\"Por favor, introduce una direcci\u00f3n de correo electr\u00f3nico v\u00e1lida.\" data-field-id=\"email\"><label class=\"evf-field-label\" for=\"evf-239-field_email\"><span class=\"evf-label\">Email<\/span> <abbr class=\"required\" title=\"Obligatorio\">*<\/abbr><\/label><input type=\"email\" id=\"evf-239-field_email\" class=\"input-text\" name=\"everest_forms[form_fields][email]\" required ><\/div><div id=\"evf-239-field_subject-container\" class=\"evf-field evf-field-text form-row validate-required\" data-required-field-message=\"Este campo es requerido\" data-field-id=\"subject\"><label class=\"evf-field-label\" for=\"evf-239-field_subject\"><span class=\"evf-label\">Titulo del trabajo<\/span> <abbr class=\"required\" title=\"Obligatorio\">*<\/abbr><\/label><input type=\"text\" id=\"evf-239-field_subject\" class=\"input-text\" name=\"everest_forms[form_fields][subject]\" required><\/div><div id=\"evf-239-field_message-container\" class=\"evf-field evf-field-textarea form-row validate-required\" data-required-field-message=\"Este campo es requerido\" data-field-id=\"message\"><label class=\"evf-field-label\" for=\"evf-239-field_message\"><span class=\"evf-label\">Mensaje<\/span> <abbr class=\"required\" title=\"Obligatorio\">*<\/abbr><\/label><textarea id=\"evf-239-field_message\" class=\"input-text\" name=\"everest_forms[form_fields][message]\" required ><\/textarea><\/div><\/div><\/div><\/div><div class=\"evf-honeypot-container evf-field-hp\"><label for=\"evf-239-field-hp\" class=\"evf-field-label\">Name<\/label><input type=\"text\" name=\"everest_forms[hp]\" id=\"evf-239-field-hp\" class=\"input-text\"><\/div><div class=\"evf-recaptcha-container \" style=\"display:block\"><div class=\"g-recaptcha\" data-sitekey=\"6LeNOs0UAAAAACJz3vG2wQEsT0GlRg58PUA8pFWT\"><\/div><\/div><div class=\"evf-submit-container \" ><input type=\"hidden\" name=\"everest_forms[id]\" value=\"239\"><input type=\"hidden\" name=\"everest_forms[author]\" value=\"1\"><button type='submit' name='everest_forms[submit]' class='everest-forms-submit-button button evf-submit ' id='evf-submit-239' value='evf-submit' data-process-text=\"Procesando...\" conditional_rules='&quot;&quot;' conditional_id='evf-submit-239'  id=\"evf-submit-239\" aria-live=\"assertive\">Enviar<\/button><\/div><\/form><\/div><!-- .evf-container --><\/div>\n<\/div>\n\t\t<\/div><\/div><\/div><div id=\"pg-418-7\"  class=\"panel-grid panel-no-style\" ><div id=\"pgc-418-7-0\"  class=\"panel-grid-cell panel-grid-cell-empty panel-grid-cell-mobile-last\" ><\/div><div id=\"pgc-418-7-1\"  class=\"panel-grid-cell panel-grid-cell-empty\" ><\/div><\/div><\/div>","protected":false},"excerpt":{"rendered":"<p>Mapa de situaci\u00f3n \u2022 Si deseas contactar con FICXA puedes hacerlo a trav\u00e9s de los datos que se indican a [&hellip;]<\/p>\n","protected":false},"author":1,"featured_media":0,"parent":0,"menu_order":0,"comment_status":"closed","ping_status":"closed","template":"","meta":{"sfsi_plus_gutenberg_text_before_share":"","sfsi_plus_gutenberg_show_text_before_share":"","sfsi_plus_gutenberg_icon_type":"","sfsi_plus_gutenberg_icon_alignemt":"","sfsi_plus_gutenburg_max_per_row":""},"_links":{"self":[{"href":"https:\/\/ficxa.es\/index.php\/wp-json\/wp\/v2\/pages\/418"}],"collection":[{"href":"https:\/\/ficxa.es\/index.php\/wp-json\/wp\/v2\/pages"}],"about":[{"href":"https:\/\/ficxa.es\/index.php\/wp-json\/wp\/v2\/types\/page"}],"author":[{"embeddable":true,"href":"https:\/\/ficxa.es\/index.php\/wp-json\/wp\/v2\/users\/1"}],"replies":[{"embeddable":true,"href":"https:\/\/ficxa.es\/index.php\/wp-json\/wp\/v2\/comments?post=418"}],"version-history":[{"count":117,"href":"https:\/\/ficxa.es\/index.php\/wp-json\/wp\/v2\/pages\/418\/revisions"}],"predecessor-version":[{"id":425,"href":"https:\/\/ficxa.es\/index.php\/wp-json\/wp\/v2\/pages\/418\/revisions\/425"}],"wp:attachment":[{"href":"https:\/\/ficxa.es\/index.php\/wp-json\/wp\/v2\/media?parent=418"}],"curies":[{"name":"wp","href":"https:\/\/api.w.org\/{rel}","templated":true}]}}